{"id":982,"date":"2017-03-20T17:04:56","date_gmt":"2017-03-20T16:04:56","guid":{"rendered":"http:\/\/www.pottoroak.fr\/?page_id=982"},"modified":"2018-04-11T19:05:51","modified_gmt":"2018-04-11T17:05:51","slug":"prestations","status":"publish","type":"page","link":"https:\/\/www.pottoroak.fr\/?page_id=982","title":{"rendered":"Prestations"},"content":{"rendered":"<div id=\"pl-982\"  class=\"panel-layout\" >\n<div id=\"pg-982-0\"  class=\"panel-grid panel-no-style\"  data-style=\"{&quot;background_image_position&quot;:&quot;center top&quot;,&quot;background_image_style&quot;:&quot;cover&quot;}\" >\n<div id=\"pgc-982-0-0\"  class=\"panel-grid-cell\"  data-weight=\"1\" >\n<div id=\"panel-982-0-0-0\" class=\"so-panel widget widget_text panel-first-child\" data-index=\"0\" data-style=\"{&quot;background_display&quot;:&quot;tile&quot;}\" >\n<div class=\"textwidget\">Le Ch\u0153ur Pottoroak est un ensemble choral r\u00e9unissant des hommes qui interpr\u00e8tent des chants a cappella \u00e0 4 voix. Les choristes sont r\u00e9partis dans les 4 pupitres : t\u00e9nors 1, t\u00e9nors 2, barytons, basses.\n<\/div>\n<\/p><\/div>\n<div id=\"panel-982-0-0-1\" class=\"so-panel widget widget_black-studio-tinymce widget_black_studio_tinymce panel-last-child\" data-index=\"1\" data-style=\"{&quot;background_display&quot;:&quot;tile&quot;}\" >\n<div class=\"textwidget\">\n<div class=\"panel-group\" id=\"accordionname88\">\n<div class=\"panel panel-default\">\n<div class=\"panel-heading\"><a class=\"accordion-toggle collapsed\" data-toggle=\"collapse\" data-parent=\"#accordionname88\" href=\"#collapse880\"><\/p>\n<h5><i class=\"kt-icon-minus primary-color\"><\/i><i class=\"kt-icon-plus\"><\/i>Dans quels lieux peut se produire le Ch\u0153ur Pottoroak ?<\/h5>\n<p><\/a><\/div>\n<div id=\"collapse880\" class=\"panel-collapse collapse \">\n<div class=\"panel-body postclass\">\n<p>Il assure des concerts dans des salles de spectacles et dans les \u00e9glises.<\/p>\n<\/div>\n<\/div>\n<\/div>\n<div class=\"panel panel-default\">\n<div class=\"panel-heading\"><a class=\"accordion-toggle collapsed\" data-toggle=\"collapse\" data-parent=\"#accordionname88\" href=\"#collapse881\"><\/p>\n<h5><i class=\"kt-icon-minus primary-color\"><\/i><i class=\"kt-icon-plus\"><\/i>Le Choeur peut-il r\u00e9pondre aux besoins d\u2019animations ?<\/h5>\n<p><\/a><\/div>\n<div id=\"collapse881\" class=\"panel-collapse collapse \">\n<div class=\"panel-body postclass\">\n<p>Oui, pour\u00a0des\u00a0ap\u00e9ritifs, f\u00eates, anniversaires, en se pr\u00e9sentant en formation plus r\u00e9duite en nombre de chanteurs et en incluant ses musiciens.<\/p>\n<\/div>\n<\/div>\n<\/div>\n<div class=\"panel panel-default\">\n<div class=\"panel-heading\"><a class=\"accordion-toggle collapsed\" data-toggle=\"collapse\" data-parent=\"#accordionname88\" href=\"#collapse882\"><\/p>\n<h5><i class=\"kt-icon-minus primary-color\"><\/i><i class=\"kt-icon-plus\"><\/i>Le Choeur Pottoroak dispose-t-il de mat\u00e9riel sp\u00e9cifique ?<\/h5>\n<p><\/a><\/div>\n<div id=\"collapse882\" class=\"panel-collapse collapse \">\n<div class=\"panel-body postclass\">\n<p>En fonction du lieu et de la prestation, il peut \u00eatre amen\u00e9 \u00e0 utiliser son mat\u00e9riel d\u2019\u00e9clairage et de sonorisation (une rampe permettant de fixer des projecteurs et des microphones).<\/p>\n<\/div>\n<\/div>\n<\/div>\n<div class=\"panel panel-default\">\n<div class=\"panel-heading\"><a class=\"accordion-toggle collapsed\" data-toggle=\"collapse\" data-parent=\"#accordionname88\" href=\"#collapse883\"><\/p>\n<h5><i class=\"kt-icon-minus primary-color\"><\/i><i class=\"kt-icon-plus\"><\/i>Quelle est la dur\u00e9e d\u2019un concert du Ch\u0153ur ?<\/h5>\n<p><\/a><\/div>\n<div id=\"collapse883\" class=\"panel-collapse collapse \">\n<div class=\"panel-body postclass\">\n<p>Quand il se produit seul, le concert dure g\u00e9n\u00e9ralement 1 h 30, sans exc\u00e9der 2 h. Mais parfois le Ch\u0153ur partager l\u2019affiche avec d\u2019autres groupes, chanteurs ou musiciens ; il chantera alors environ 45 minutes.<\/p>\n<\/div>\n<\/div>\n<\/div>\n<div class=\"panel panel-default\">\n<div class=\"panel-heading\"><a class=\"accordion-toggle collapsed\" data-toggle=\"collapse\" data-parent=\"#accordionname88\" href=\"#collapse884\"><\/p>\n<h5><i class=\"kt-icon-minus primary-color\"><\/i><i class=\"kt-icon-plus\"><\/i>Pourquoi se d\u00e9finit-il comme un ch\u0153ur basque ? <\/h5>\n<p><\/a><\/div>\n<div id=\"collapse884\" class=\"panel-collapse collapse \">\n<div class=\"panel-body postclass\">\n<p>Parce que son r\u00e9pertoire est majoritairement constitu\u00e9 de chants traditionnels basques. Mais il s\u2019ouvre aussi \u00e0 d\u2019autres r\u00e9pertoires en interpr\u00e9tant des chants en langue espagnole, russe, en fran\u00e7aise, maori, galicienne, etc<\/p>\n<\/div>\n<\/div>\n<\/div>\n<div class=\"panel panel-default\">\n<div class=\"panel-heading\"><a class=\"accordion-toggle collapsed\" data-toggle=\"collapse\" data-parent=\"#accordionname88\" href=\"#collapse885\"><\/p>\n<h5><i class=\"kt-icon-minus primary-color\"><\/i><i class=\"kt-icon-plus\"><\/i>Quelle place est faite dans le r\u00e9pertoire du Ch\u0153ur aux chants religieux ?<\/h5>\n<p><\/a><\/div>\n<div id=\"collapse885\" class=\"panel-collapse collapse \">\n<div class=\"panel-body postclass\">\n<p>A c\u00f4t\u00e9 des chants profanes, le Ch\u0153ur fait d\u00e9couvrir au public des chants religieux principalement mais pas exclusivement en langue basque,<\/p>\n<\/div>\n<\/div>\n<\/div>\n<div class=\"panel panel-default\">\n<div class=\"panel-heading\"><a class=\"accordion-toggle collapsed\" data-toggle=\"collapse\" data-parent=\"#accordionname88\" href=\"#collapse886\"><\/p>\n<h5><i class=\"kt-icon-minus primary-color\"><\/i><i class=\"kt-icon-plus\"><\/i>Que propose le Ch\u0153ur pour un mariage ?<\/h5>\n<p><\/a><\/div>\n<div id=\"collapse886\" class=\"panel-collapse collapse \">\n<div class=\"panel-body postclass\">\n<p>Le Choeur est souvent sollicit\u00e9 pour des mariages. En accord avec les futurs \u00e9poux et le c\u00e9l\u00e9brant, notre chef de ch\u0153ur \u00e9tablit un programme de chants en phase avec les diff\u00e9rents moments de la c\u00e9r\u00e9monie.<\/p>\n<\/div>\n<\/div>\n<\/div>\n<div class=\"panel panel-default\">\n<div class=\"panel-heading\"><a class=\"accordion-toggle collapsed\" data-toggle=\"collapse\" data-parent=\"#accordionname88\" href=\"#collapse887\"><\/p>\n<h5><i class=\"kt-icon-minus primary-color\"><\/i><i class=\"kt-icon-plus\"><\/i>Que peut-il y avoir d\u2019original dans une prestation du Ch\u0153ur en p\u00e9riode de No\u00ebl et de fin d\u2019ann\u00e9e ?<\/h5>\n<p><\/a><\/div>\n<div id=\"collapse887\" class=\"panel-collapse collapse \">\n<div class=\"panel-body postclass\">\n<p>En p\u00e9riode de No\u00ebl, pour rester fid\u00e8le \u00e0 la tradition basque de l\u2019Olentzero, le Ch\u0153ur agr\u00e9mente ses concerts d\u2019airs tr\u00e8s connus autour de ce personnage populaire du charbonnier descendu de la montagne et distribuant des bonbons aux enfants.\u00a0Les concerts int\u00e8grent aussi des chants festifs de langue basque que les choristes interpr\u00e8tent en \u00e9tant accompagn\u00e9s par des musiciens notamment guitaristes. Ces chants plac\u00e9s souvent en fin de concert sont aussi l\u2019occasion \u00e0 notre chef de ch\u0153ur de faire chanter le public, en principe enchant\u00e9 de donner de la voix en \u00e9cho aux choristes.<\/p>\n<\/div>\n<\/div>\n<\/div>\n<div class=\"panel panel-default\">\n<div class=\"panel-heading\"><a class=\"accordion-toggle collapsed\" data-toggle=\"collapse\" data-parent=\"#accordionname88\" href=\"#collapse888\"><\/p>\n<h5><i class=\"kt-icon-minus primary-color\"><\/i><i class=\"kt-icon-plus\"><\/i>Comment contacter le Ch\u0153ur Potoroak pour obtenir des renseignements sur nos prestations (concert, animation, mariage) ?<\/h5>\n<p><\/a><\/div>\n<div id=\"collapse888\" class=\"panel-collapse collapse \">\n<div class=\"panel-body postclass\">\n<p><a href=\"http:\/\/www.pottoroak.fr\/nous-contacter\/\" target=\"_blank\">en acc\u00e9dant directement \u00e0 notre page contact.<\/a><\/p>\n<\/div>\n<\/div>\n<\/div>\n<\/div>\n<\/div>\n<\/div>\n<\/div>\n<\/div>\n<\/div>\n","protected":false},"excerpt":{"rendered":"<p>Le Ch\u0153ur Pottoroak est un ensemble choral r\u00e9unissant des hommes qui interpr\u00e8tent des chants a cappella \u00e0 4 voix. Les choristes sont r\u00e9partis dans les 4 pupitres : t\u00e9nors 1, t\u00e9nors 2, barytons, basses. Dans quels lieux peut se produire le Ch\u0153ur Pottoroak ? Il assure des concerts dans des salles de spectacles et dans &hellip; <\/p>\n","protected":false},"author":1,"featured_media":0,"parent":0,"menu_order":0,"comment_status":"open","ping_status":"open","template":"template-staff-grid.php","meta":{"footnotes":""},"_links":{"self":[{"href":"https:\/\/www.pottoroak.fr\/index.php?rest_route=\/wp\/v2\/pages\/982"}],"collection":[{"href":"https:\/\/www.pottoroak.fr\/index.php?rest_route=\/wp\/v2\/pages"}],"about":[{"href":"https:\/\/www.pottoroak.fr\/index.php?rest_route=\/wp\/v2\/types\/page"}],"author":[{"embeddable":true,"href":"https:\/\/www.pottoroak.fr\/index.php?rest_route=\/wp\/v2\/users\/1"}],"replies":[{"embeddable":true,"href":"https:\/\/www.pottoroak.fr\/index.php?rest_route=%2Fwp%2Fv2%2Fcomments&post=982"}],"version-history":[{"count":9,"href":"https:\/\/www.pottoroak.fr\/index.php?rest_route=\/wp\/v2\/pages\/982\/revisions"}],"predecessor-version":[{"id":1101,"href":"https:\/\/www.pottoroak.fr\/index.php?rest_route=\/wp\/v2\/pages\/982\/revisions\/1101"}],"wp:attachment":[{"href":"https:\/\/www.pottoroak.fr\/index.php?rest_route=%2Fwp%2Fv2%2Fmedia&parent=982"}],"curies":[{"name":"wp","href":"https:\/\/api.w.org\/{rel}","templated":true}]}}

<div id="pl-982"  class="panel-layout" >
<div id="pg-982-0"  class="panel-grid panel-no-style"  data-style="{&quot;background_image_position&quot;:&quot;center top&quot;,&quot;background_image_style&quot;:&quot;cover&quot;}" >
<div id="pgc-982-0-0"  class="panel-grid-cell"  data-weight="1" >
<div id="panel-982-0-0-0" class="so-panel widget widget_text panel-first-child" data-index="0" data-style="{&quot;background_display&quot;:&quot;tile&quot;}" >
<div class="textwidget">Le Chœur Pottoroak est un ensemble choral réunissant des hommes qui interprètent des chants a cappella à 4 voix. Les choristes sont répartis dans les 4 pupitres : ténors 1, ténors 2, barytons, basses.
</div>
</p></div>
<div id="panel-982-0-0-1" class="so-panel widget widget_black-studio-tinymce widget_black_studio_tinymce panel-last-child" data-index="1" data-style="{&quot;background_display&quot;:&quot;tile&quot;}" >
<div class="textwidget">
<div class="panel-group" id="accordionname88">
<div class="panel panel-default">
<div class="panel-heading"><a class="accordion-toggle collapsed" data-toggle="collapse" data-parent="#accordionname88" href="#collapse880"></p>
<h5><i class="kt-icon-minus primary-color"></i><i class="kt-icon-plus"></i>Dans quels lieux peut se produire le Chœur Pottoroak ?</h5>
<p></a></div>
<div id="collapse880" class="panel-collapse collapse ">
<div class="panel-body postclass">
<p>Il assure des concerts dans des salles de spectacles et dans les églises.</p>
</div>
</div>
</div>
<div class="panel panel-default">
<div class="panel-heading"><a class="accordion-toggle collapsed" data-toggle="collapse" data-parent="#accordionname88" href="#collapse881"></p>
<h5><i class="kt-icon-minus primary-color"></i><i class="kt-icon-plus"></i>Le Choeur peut-il répondre aux besoins d’animations ?</h5>
<p></a></div>
<div id="collapse881" class="panel-collapse collapse ">
<div class="panel-body postclass">
<p>Oui, pour des apéritifs, fêtes, anniversaires, en se présentant en formation plus réduite en nombre de chanteurs et en incluant ses musiciens.</p>
</div>
</div>
</div>
<div class="panel panel-default">
<div class="panel-heading"><a class="accordion-toggle collapsed" data-toggle="collapse" data-parent="#accordionname88" href="#collapse882"></p>
<h5><i class="kt-icon-minus primary-color"></i><i class="kt-icon-plus"></i>Le Choeur Pottoroak dispose-t-il de matériel spécifique ?</h5>
<p></a></div>
<div id="collapse882" class="panel-collapse collapse ">
<div class="panel-body postclass">
<p>En fonction du lieu et de la prestation, il peut être amené à utiliser son matériel d’éclairage et de sonorisation (une rampe permettant de fixer des projecteurs et des microphones).</p>
</div>
</div>
</div>
<div class="panel panel-default">
<div class="panel-heading"><a class="accordion-toggle collapsed" data-toggle="collapse" data-parent="#accordionname88" href="#collapse883"></p>
<h5><i class="kt-icon-minus primary-color"></i><i class="kt-icon-plus"></i>Quelle est la durée d’un concert du Chœur ?</h5>
<p></a></div>
<div id="collapse883" class="panel-collapse collapse ">
<div class="panel-body postclass">
<p>Quand il se produit seul, le concert dure généralement 1 h 30, sans excéder 2 h. Mais parfois le Chœur partager l’affiche avec d’autres groupes, chanteurs ou musiciens ; il chantera alors environ 45 minutes.</p>
</div>
</div>
</div>
<div class="panel panel-default">
<div class="panel-heading"><a class="accordion-toggle collapsed" data-toggle="collapse" data-parent="#accordionname88" href="#collapse884"></p>
<h5><i class="kt-icon-minus primary-color"></i><i class="kt-icon-plus"></i>Pourquoi se définit-il comme un chœur basque ? </h5>
<p></a></div>
<div id="collapse884" class="panel-collapse collapse ">
<div class="panel-body postclass">
<p>Parce que son répertoire est majoritairement constitué de chants traditionnels basques. Mais il s’ouvre aussi à d’autres répertoires en interprétant des chants en langue espagnole, russe, en française, maori, galicienne, etc</p>
</div>
</div>
</div>
<div class="panel panel-default">
<div class="panel-heading"><a class="accordion-toggle collapsed" data-toggle="collapse" data-parent="#accordionname88" href="#collapse885"></p>
<h5><i class="kt-icon-minus primary-color"></i><i class="kt-icon-plus"></i>Quelle place est faite dans le répertoire du Chœur aux chants religieux ?</h5>
<p></a></div>
<div id="collapse885" class="panel-collapse collapse ">
<div class="panel-body postclass">
<p>A côté des chants profanes, le Chœur fait découvrir au public des chants religieux principalement mais pas exclusivement en langue basque,</p>
</div>
</div>
</div>
<div class="panel panel-default">
<div class="panel-heading"><a class="accordion-toggle collapsed" data-toggle="collapse" data-parent="#accordionname88" href="#collapse886"></p>
<h5><i class="kt-icon-minus primary-color"></i><i class="kt-icon-plus"></i>Que propose le Chœur pour un mariage ?</h5>
<p></a></div>
<div id="collapse886" class="panel-collapse collapse ">
<div class="panel-body postclass">
<p>Le Choeur est souvent sollicité pour des mariages. En accord avec les futurs époux et le célébrant, notre chef de chœur établit un programme de chants en phase avec les différents moments de la cérémonie.</p>
</div>
</div>
</div>
<div class="panel panel-default">
<div class="panel-heading"><a class="accordion-toggle collapsed" data-toggle="collapse" data-parent="#accordionname88" href="#collapse887"></p>
<h5><i class="kt-icon-minus primary-color"></i><i class="kt-icon-plus"></i>Que peut-il y avoir d’original dans une prestation du Chœur en période de Noël et de fin d’année ?</h5>
<p></a></div>
<div id="collapse887" class="panel-collapse collapse ">
<div class="panel-body postclass">
<p>En période de Noël, pour rester fidèle à la tradition basque de l’Olentzero, le Chœur agrémente ses concerts d’airs très connus autour de ce personnage populaire du charbonnier descendu de la montagne et distribuant des bonbons aux enfants. Les concerts intègrent aussi des chants festifs de langue basque que les choristes interprètent en étant accompagnés par des musiciens notamment guitaristes. Ces chants placés souvent en fin de concert sont aussi l’occasion à notre chef de chœur de faire chanter le public, en principe enchanté de donner de la voix en écho aux choristes.</p>
</div>
</div>
</div>
<div class="panel panel-default">
<div class="panel-heading"><a class="accordion-toggle collapsed" data-toggle="collapse" data-parent="#accordionname88" href="#collapse888"></p>
<h5><i class="kt-icon-minus primary-color"></i><i class="kt-icon-plus"></i>Comment contacter le Chœur Potoroak pour obtenir des renseignements sur nos prestations (concert, animation, mariage) ?</h5>
<p></a></div>
<div id="collapse888" class="panel-collapse collapse ">
<div class="panel-body postclass">
<p><a href="http://www.pottoroak.fr/nous-contacter/" target="_blank">en accédant directement à notre page contact.</a></p>
</div>
</div>
</div>
</div>
</div>
</div>
</div>
</div>
</div>

<p>Le Chœur Pottoroak est un ensemble choral réunissant des hommes qui interprètent des chants a cappella à 4 voix. Les choristes sont répartis dans les 4 pupitres : ténors 1, ténors 2, barytons, basses. Dans quels lieux peut se produire le Chœur Pottoroak ? Il assure des concerts dans des salles de spectacles et dans &hellip; </p>
